{"id":12,"date":"2025-04-30T13:16:29","date_gmt":"2025-04-30T13:16:29","guid":{"rendered":"http:\/\/www.wilczanaturapsa.edu.pl\/?page_id=12"},"modified":"2025-07-06T15:24:56","modified_gmt":"2025-07-06T15:24:56","slug":"nasi-ludzie","status":"publish","type":"page","link":"https:\/\/www.wilczanaturapsa.edu.pl\/index.php\/nasi-ludzie\/","title":{"rendered":"Nasi ludzie"},"content":{"rendered":"\n<p><\/p>\n\n\n\n<div class=\"wp-block-media-text has-media-on-the-right is-stacked-on-mobile\"><div class=\"wp-block-media-text__content\">\n<p><strong>Kinga Magdalena St\u0119pniak<\/strong> (ona\/jej) biolo\u017cka i ekolo\u017cka specjalizuj\u0105ca si\u0119 w badaniach nad du\u017cymi ssakami, oraz ich interakcjami ze \u015brodowiskiem i innymi gatunkami. Absolwentka Szko\u0142y G\u0142\u00f3wnej Gospodarstwa Wiejskiego oraz Uniwersytetu Warszawskiego, gdzie uzyska\u0142a dyplom magistra biologii ze specjalizacj\u0105 w ekologii. Jej badania koncentruj\u0105 si\u0119 na behawiorze wilk\u00f3w oraz wp\u0142ywie psa domowego (<em>Canis familiaris<\/em>) na ekosystemy le\u015bne. <br>Ma do\u015bwiadczenie w realizacji mi\u0119dzynarodowych i krajowych projekt\u00f3w badawczych, obejmuj\u0105cych zar\u00f3wno analiz\u0119 genetyczn\u0105 populacji wilk\u00f3w, jak i monitoring ich zachowa\u0144 przy u\u017cyciu fotopu\u0142apek. Wsp\u00f3\u0142pracowa\u0142a m.in. z Instytutem Biologii Ssak\u00f3w PAN oraz Uniwersytetem Medycyny Weterynaryjnej w Wiedniu. Autorka i wsp\u00f3\u0142autorka publikacji naukowych dotycz\u0105cych zachowa\u0144 zapachowych oraz struktury genetycznej populacji wilk\u00f3w w Europie \u015arodkowej. Uczestniczka licznych konferencji mi\u0119dzynarodowych i krajowych, gdzie prezentowa\u0142a wyniki swoich bada\u0144. <br>W swojej pracy \u0142\u0105czy metody biologii molekularnej, ekologii behawioralnej i analizy przestrzennej, aby lepiej zrozumie\u0107 dynamik\u0119 populacji wilk\u00f3w w krajobrazie silnie przekszta\u0142conym przez cz\u0142owieka. Jej celem jest pog\u0142\u0119bianie wiedzy na temat ekologii du\u017cych drapie\u017cnik\u00f3w oraz wspieranie dzia\u0142a\u0144 na rzecz ich ochrony. Prywatnie prowadzi domy tymczasowe dla r\u00f3\u017cnych gatunk\u00f3w zwierz\u0105t. Zbiera te\u017c wyrzucone ro\u015bliny, daj\u0105c im nowe \u017cycie u siebie w domu na Bagnie Ca\u0142owanie. Opiekuje si\u0119 pi\u0119cioma psami i kilkunastoma kurami. Autystka z ADHD. Uwielbia chodzi\u0107 po lesie i s\u0142ucha\u0107 podkast\u00f3w true-crime.<\/p>\n<\/div><figure class=\"wp-block-media-text__media\"><img loading=\"lazy\" decoding=\"async\" width=\"910\" height=\"862\" src=\"https:\/\/www.wilczanaturapsa.edu.pl\/wp-content\/uploads\/2025\/05\/C93FFE58-D70B-4EC1-A038-057923604BCE_1_105_c.jpeg\" alt=\"\" class=\"wp-image-45 size-full\" srcset=\"https:\/\/www.wilczanaturapsa.edu.pl\/wp-content\/uploads\/2025\/05\/C93FFE58-D70B-4EC1-A038-057923604BCE_1_105_c.jpeg 910w, https:\/\/www.wilczanaturapsa.edu.pl\/wp-content\/uploads\/2025\/05\/C93FFE58-D70B-4EC1-A038-057923604BCE_1_105_c-300x284.jpeg 300w, https:\/\/www.wilczanaturapsa.edu.pl\/wp-content\/uploads\/2025\/05\/C93FFE58-D70B-4EC1-A038-057923604BCE_1_105_c-768x727.jpeg 768w\" sizes=\"auto, (max-width: 910px) 100vw, 910px\" \/><\/figure><\/div>\n\n\n\n<p><\/p>\n\n\n\n<div class=\"wp-block-media-text is-stacked-on-mobile\"><figure class=\"wp-block-media-text__media\"><img loading=\"lazy\" decoding=\"async\" width=\"998\" height=\"998\" src=\"https:\/\/www.wilczanaturapsa.edu.pl\/wp-content\/uploads\/2025\/05\/FB_IMG_1584305905041.jpg\" alt=\"\" class=\"wp-image-132 size-full\" srcset=\"https:\/\/www.wilczanaturapsa.edu.pl\/wp-content\/uploads\/2025\/05\/FB_IMG_1584305905041.jpg 998w, https:\/\/www.wilczanaturapsa.edu.pl\/wp-content\/uploads\/2025\/05\/FB_IMG_1584305905041-300x300.jpg 300w, https:\/\/www.wilczanaturapsa.edu.pl\/wp-content\/uploads\/2025\/05\/FB_IMG_1584305905041-150x150.jpg 150w, https:\/\/www.wilczanaturapsa.edu.pl\/wp-content\/uploads\/2025\/05\/FB_IMG_1584305905041-768x768.jpg 768w\" sizes=\"auto, (max-width: 998px) 100vw, 998px\" \/><\/figure><div class=\"wp-block-media-text__content\">\n<p><strong>And\u017celika Haidt<\/strong> jest asystentk\u0105 naukow\u0105 w Zak\u0142adzie Ekologii Lasu Instytutu Badawczego Le\u015bnictwa (IBL) w S\u0119kocinie Starym. Specjalizuje si\u0119 w ekologii strachu, ekologii behawioralnej oraz relacjach mi\u0119dzy psami domowymi a wilkami. Interesuje si\u0119 tak\u017ce wykorzystaniem ps\u00f3w w detekcji zapachowej w ochronie przyrody i le\u015bnictwie. Obecnie bada przyczyny atak\u00f3w wilk\u00f3w na psy domowe w obr\u0119bie zabudowy.<br>W latach 2019\u20132023 kierowa\u0142a projektem badawczym po\u015bwi\u0119conym interakcjom wilk\u00f3w i ps\u00f3w domowych z uwzgl\u0119dnieniem komunikacji zapachowej. Wcze\u015bniej prowadzi\u0142a badania nad wp\u0142ywem drapie\u017cnictwa wilka na zachowania dzikich kopytnych.&nbsp;Aktywnie anga\u017cuje si\u0119 r\u00f3wnie\u017c w dzia\u0142alno\u015b\u0107 spo\u0142eczn\u0105 na rzecz ochrony wilka i budowania akceptacji spo\u0142ecznej dla du\u017cych drapie\u017cnik\u00f3w w krajobrazie kulturowym. Uczestniczy w inicjatywach edukacyjnych i popularyzatorskich, kt\u00f3rych celem jest obalanie mit\u00f3w dotycz\u0105cych wilk\u00f3w, promowanie wiedzy o ich biologii.<\/p>\n<\/div><\/div>\n\n\n\n<div class=\"wp-block-media-text has-media-on-the-right is-stacked-on-mobile\"><div class=\"wp-block-media-text__content\">\n<p><strong>Katharina Kasper<\/strong> (ona\/jej) jest ekolo\u017ck\u0105, kt\u00f3r\u0105 nap\u0119dza silna ciekawo\u015b\u0107 dotycz\u0105ca wsp\u00f3\u0142istnienia ludzi i dzikich zwierz\u0105t w \u015bwiecie coraz bardziej zdominowanym przez cz\u0142owieka. Zainspirowana r\u00f3\u017cnorodno\u015bci\u0105 i dynamik\u0105 zar\u00f3wno natury, jak i kultury, jej ulubionym zaj\u0119ciem jest odkrywanie i wyra\u017canie warto\u015bci dziko\u015bci poprzez holistyczne my\u015blenie i praktyk\u0119. Jej zestaw narz\u0119dzi opiera si\u0119 na do\u015bwiadczeniu zdobytym w r\u00f3\u017cnych kontekstach Eurazji, gdzie stosowa\u0142a metody behawioralne i oparte na analizie ruchu, aby bada\u0107 wp\u0142yw cz\u0142owieka na populacje i wsp\u00f3lnoty dzikich zwierz\u0105t. Obecnie skupia si\u0119 na drugiej stronie tej interakcji \u2013 tam, gdzie to dzikie zwierz\u0119ta kszta\u0142tuj\u0105 \u017cycie ludzi. Jej g\u0142\u00f3wnymi obiektami bada\u0144 s\u0105 dzikie wilki i udomowione psy, kt\u00f3rych g\u0142\u0119bokie kulturowe znaczenie podwa\u017ca przekonanie, \u017ce cz\u0142owiek stoi poza natur\u0105.<\/p>\n<\/div><figure class=\"wp-block-media-text__media\"><img loading=\"lazy\" decoding=\"async\" width=\"683\" height=\"1024\" src=\"https:\/\/www.wilczanaturapsa.edu.pl\/wp-content\/uploads\/2025\/05\/22-IMG_5308-01-683x1024.jpeg\" alt=\"\" class=\"wp-image-50 size-full\" srcset=\"https:\/\/www.wilczanaturapsa.edu.pl\/wp-content\/uploads\/2025\/05\/22-IMG_5308-01-683x1024.jpeg 683w, https:\/\/www.wilczanaturapsa.edu.pl\/wp-content\/uploads\/2025\/05\/22-IMG_5308-01-200x300.jpeg 200w, https:\/\/www.wilczanaturapsa.edu.pl\/wp-content\/uploads\/2025\/05\/22-IMG_5308-01-768x1152.jpeg 768w, https:\/\/www.wilczanaturapsa.edu.pl\/wp-content\/uploads\/2025\/05\/22-IMG_5308-01-1024x1536.jpeg 1024w, https:\/\/www.wilczanaturapsa.edu.pl\/wp-content\/uploads\/2025\/05\/22-IMG_5308-01-1365x2048.jpeg 1365w, https:\/\/www.wilczanaturapsa.edu.pl\/wp-content\/uploads\/2025\/05\/22-IMG_5308-01-scaled.jpeg 1707w\" sizes=\"auto, (max-width: 683px) 100vw, 683px\" \/><\/figure><\/div>\n\n\n\n<p>Ca\u0142o\u015b\u0107 prezentowanej strony internetowej stanowi w\u0142asno\u015b\u0107\u00a0Kingi St\u0119pniak i\u00a0jest utworem w\u00a0rozumieniu ustawy z\u00a0dnia 4 lutego 1994 r. o\u00a0prawie autorskim i\u00a0prawach pokrewnych (Dz. U. Nr 90, poz. 631). \u017badna jej cz\u0119\u015b\u0107 nie mo\u017ce by\u0107 rozpowszechniana lub\u00a0kopiowana w\u00a0jakikolwiek spos\u00f3b (elektroniczny, mechaniczny lub\u00a0inny) bez pisemnej zgody w\u0142a\u015bcicielki.<\/p>\n","protected":false},"excerpt":{"rendered":"<p>Kinga Magdalena St\u0119pniak (ona\/jej) biolo\u017cka i ekolo\u017cka specjalizuj\u0105ca si\u0119 w badaniach nad du\u017cymi ssakami, oraz ich interakcjami ze \u015brodowiskiem i innymi gatunkami. Absolwentka Szko\u0142y G\u0142\u00f3wnej Gospodarstwa Wiejskiego oraz Uniwersytetu Warszawskiego, gdzie uzyska\u0142a dyplom magistra biologii ze specjalizacj\u0105 w ekologii. Jej badania koncentruj\u0105 si\u0119 na behawiorze wilk\u00f3w oraz wp\u0142ywie psa domowego (Canis familiaris) na ekosystemy le\u015bne. [&hellip;]<\/p>\n","protected":false},"author":1,"featured_media":0,"parent":0,"menu_order":2,"comment_status":"closed","ping_status":"closed","template":"","meta":{"footnotes":""},"class_list":["post-12","page","type-page","status-publish","hentry"],"_links":{"self":[{"href":"https:\/\/www.wilczanaturapsa.edu.pl\/index.php\/wp-json\/wp\/v2\/pages\/12","targetHints":{"allow":["GET"]}}],"collection":[{"href":"https:\/\/www.wilczanaturapsa.edu.pl\/index.php\/wp-json\/wp\/v2\/pages"}],"about":[{"href":"https:\/\/www.wilczanaturapsa.edu.pl\/index.php\/wp-json\/wp\/v2\/types\/page"}],"author":[{"embeddable":true,"href":"https:\/\/www.wilczanaturapsa.edu.pl\/index.php\/wp-json\/wp\/v2\/users\/1"}],"replies":[{"embeddable":true,"href":"https:\/\/www.wilczanaturapsa.edu.pl\/index.php\/wp-json\/wp\/v2\/comments?post=12"}],"version-history":[{"count":14,"href":"https:\/\/www.wilczanaturapsa.edu.pl\/index.php\/wp-json\/wp\/v2\/pages\/12\/revisions"}],"predecessor-version":[{"id":152,"href":"https:\/\/www.wilczanaturapsa.edu.pl\/index.php\/wp-json\/wp\/v2\/pages\/12\/revisions\/152"}],"wp:attachment":[{"href":"https:\/\/www.wilczanaturapsa.edu.pl\/index.php\/wp-json\/wp\/v2\/media?parent=12"}],"curies":[{"name":"wp","href":"https:\/\/api.w.org\/{rel}","templated":true}]}}